Suppose 29 = 5*d - j. What is the highest common divisor of d and s?
11
Let g(n) = -4*n - 11. Let w be g(-8). Calculate the highest common divisor of w and 7.
7
Let f be 130 - 1/2*10. What is the highest common divisor of f and 25?
25
Let x be 19 + -2 + (2 - 1). Let t be (-36)/2*(-3)/9. Calculate the greatest common divisor of x and t.
6
Let w = 18 + -14. Let z be 1 - w/((-8)/6). Calculate the greatest common divisor of 32 and z.
4
Let v be 2 - (-3)/(-6)*-2. Let c(j) = -7 - 6*j + 5*j + v + 2*j**2. Let l be c(-4). What is the highest common divisor of 16 and l?
16
Let x = -41 - -61. Calculate the highest common factor of x and 100.
20
Let z(q) = q**3 - 7*q**2 + 8*q - 3. Let h be z(6). Suppose 6*k + 495 = 11*k. Calculate the highest common divisor of h and k.
9
Suppose -4*y - 5*x + 8 = 0, 0*x - 47 = -5*y + 3*x. Let j be (24 - 1) + 3 + -5. Calculate the highest common divisor of j and y.
7
Let h(n) = -10*n - 18. Let b(u) = 5*u + 9. Let x(j) = 9*b(j) + 4*h(j). Let m be x(8). What is the greatest common factor of 7 and m?
7
Let l = 21 + -18. What is the highest common factor of 6 and l?
3
Let g(j) = j**3 - 7*j**2 - 3*j - 7. Let t be g(8). Suppose -31 = 3*l - 97. Calculate the highest common factor of l and t.
11
Let k(p) = 3*p**2 + 2*p + 1. Let o be 3 + -5 - (-1 - 0). Let h be k(o). Let w = 5 + -3. Calculate the greatest common factor of w and h.
2
Let j be (-2 - 2) + 7 - -207. What is the highest common divisor of 42 and j?
42
Let l be 8/(-4) + 32 - 0. Let q be (4/12)/(2/l). Calculate the highest common factor of 45 and q.
5
Let b(g) = g**2 + 3*g - 10. Let a be b(-7). Calculate the highest common factor of a and 126.
18
Let l be 3/1*6/18. Let f = 1 + l. Suppose o + f*o = 75. Calculate the highest common divisor of o and 10.
5
Suppose 2 = z - 4. Let h = -2 + z. Calculate the greatest common factor of 1 and h.
1
Let a(j) = 3*j - 5*j + 2 - 3 + 0*j. Let i be a(-2). Calculate the highest common divisor of 2 and i.
1
Suppose a - 10 = 3*a, 4*a = 5*o - 205. Suppose -o = -2*z - 5*x + 26, 4*z - x = 159. What is the highest common factor of 26 and z?
13
Suppose 128 = 6*z + 50. Calculate the greatest common factor of z and 65.
13
Let t be 15/(-2)*4/(-6). Let c be (-279)/(-15) - (-2)/t. What is the highest common divisor of c and 133?
19
Let z = -123 + 124. What is the greatest common divisor of z and 9?
1
Suppose -4*o - o - 2*x - 227 = 0, 131 = -3*o + 4*x. Let r = o + 135. Suppose 7*n - r = 4*n. What is the greatest common divisor of n and 12?
6
Let d(a) = 2*a + 1. Let c be d(5). What is the greatest common divisor of 22 and c?
11
Let i(k) = 3*k**2 + 3. Let m be i(3). Calculate the highest common factor of m and 60.
30
Suppose q = -3*f + 17, 2*q + 3*f - 15 - 28 = 0. Suppose c + q = 2*c. Let k = -36 + 101. Calculate the greatest common divisor of c and k.
13
Suppose 4*f = 5 - 1. Let b be ((-18)/(-2) - f)*2. Suppose 3*v - 2 = 22. Calculate the highest common divisor of v and b.
8
Suppose 5*o - 370 = -5*h, -2 = -h - 2*o + 76. Calculate the highest common factor of h and 28.
14
Let a(y) = 3*y**2 - 2*y - 1. Let n be a(-1). Suppose -n = -d + 7. Let p be 22/6*27*1. Calculate the greatest common factor of p and d.
11
Suppose 15 = -5*x + 5*u, -4*u + 19 = 2*x + x. What is the highest common divisor of x and 3?
1
Suppose w + 0*w = -3. Let a = w - -3. Let q be (-1*4 + a)*-1. What is the greatest common factor of 36 and q?
4
Suppose -18 + 2 = -2*a. Calculate the greatest common factor of a and 64.
8
Let x(s) = s - 5. Let y be x(5). Suppose y = 5*d + g + 2*g - 75, 23 = d - g. Calculate the highest common factor of d and 12.
6
Let v = -484 - -692. What is the greatest common divisor of 52 and v?
52
Let o = 10 + -9. What is the greatest common factor of o and 11?
1
Suppose -5*q + 56 = 4*s, 73 = 5*q + 3*s + 16. Let k(a) = a**2 - a. Let n be k(4). What is the greatest common divisor of q and n?
12
Suppose -4*u + 92 = 2*b, -3*b = 4*u - 2*b - 88. Suppose -14 = -d - 0*d. What is the greatest common divisor of u and d?
7
Let c = 79 + -44. What is the greatest common factor of c and 385?
35
Let z(y) = -y**3 + 2*y**2 + 5*y - 2. Let f be z(3). Suppose -5*v + 730 = 4*u, -5*v + 3*u = -f*v - 165. Calculate the greatest common divisor of v and 15.
15
Suppose -3*r + 5*p - 46 = 0, -p - 30 = 4*r + r. Let y = r - -27. Let z be 2*-1*(-40)/8. Calculate the greatest common factor of y and z.
10
Let a = 0 + 9. Suppose 3*g + 40 = -t - 2*g, 3*t + 156 = 3*g. Let j be 6*t/(-3) + -1. Calculate the greatest common divisor of j and a.
9
Let k be (-1 - 0)*3 + (4 - -44). What is the greatest common factor of 5 and k?
5
Let v(n) = -34*n**3 + n**2. Suppose i + 3*i = 8. Suppose -i*x + 3*o - 11 = 0, -4*x + 0*o + o = 7. Let k be v(x). What is the greatest common divisor of 7 and k?
7
Suppose -5*s + 112 = -3*s - 4*o, -4*s - o = -215. Let r be 4*(-10)/(-8)*6. Let w = s - r. Calculate the highest common divisor of 6 and w.
6
Let m(z) = -z**3 + 5*z**2 + 9*z - 12. Let c(a) = -a**2 - 12*a - 6. Let r be c(-11). Let u be m(r). Calculate the greatest common factor of u and 33.
33
Suppose 2*f - 5*i + 17 = -0*f, -5*f + 45 = 5*i. Calculate the greatest common factor of 36 and f.
4
Suppose -5*i - 5*f + 75 = 0, 5*f = -i + f. Suppose 6*n + 4*r = n + 36, 3*n + 2*r = 20. Calculate the greatest common factor of n and i.
4
Suppose n = -i + 13, -5*n + 14 = 3*i - 51. Calculate the highest common factor of 65 and n.
13
Suppose -6*v - 6 = -5*v - 3*x, -4*v + x = -20. Suppose 5*r = -4*y + 104, 3*r - 2*y = 5*r - 40. Calculate the highest common factor of v and r.
6
Let q(k) = 2*k**2 - 2*k - 42. Let m be q(-5). Let c be (-6)/(-4)*(-60)/(-1). Calculate the highest common factor of c and m.
18
Suppose -5*r - 63 = 32. Let b = r - -33. Suppose 0 = -2*n + 7*n - 140. Calculate the greatest common factor of n and b.
14
Let l be 0 + 1 + (-83)/(-1). Suppose 65 = 3*s + 2*m, -s - m + 26 = 4*m. Calculate the highest common factor of s and l.
21
Let b(i) = -i**2 - 9*i - 6. Let h be b(-6). Let g be 216/(-14)*(-26 - 2). Suppose t + g = 5*t. What is the greatest common factor of t and h?
12
Suppose b = -4*u - 12, -3*b - u = 2*b + 3. Let h = b - -6. What is the greatest common divisor of 15 and h?
3
Suppose 0 = 3*v - 6*v + 147. Suppose v = 4*q - 151. Suppose 4*s - 8 = 12. What is the highest common divisor of s and q?
5
Let y = -7 + 7. Suppose y = 5*z - 0*z - 15. Let k be 3/(z*-2)*-48. Calculate the highest common factor of 8 and k.
8
Suppose -2*k - 5*v = 2*k - 177, 3*k - 129 = -5*v. Suppose 0 = -6*w + 2*w + k. What is the greatest common divisor of 60 and w?
12
Let k be 1 + 1/(3/6). Let b(s) = s - 3. Suppose -19 = -3*w - 1. Let f be b(w). What is the highest common factor of k and f?
3
Let t(b) = -5*b**3 + 3*b**2 + 8. Let g be t(-3). Calculate the highest common factor of 68 and g.
34
Let v(c) = c**2 - 5*c - 25. Let r be v(10). Calculate the greatest common factor of 225 and r.
25
Suppose 3*y - 216 = y. Suppose -4*j + 3*s + 54 = 0, s = 2*s + 2. Calculate the highest common divisor of y and j.
12
Suppose 352 = -4*c + 2*c. Let x be ((-8)/(-32))/(2/8). Let j be x/(-5) + c/(-5). Calculate the highest common divisor of j and 7.
7
Suppose -5*l + 4*f + 9 = -532, -3*l + f + 319 = 0. What is the greatest common factor of l and 21?
21
Suppose 0 = -d + 3. Suppose -d*h + 24 = h. What is the highest common factor of 6 and h?
6
Suppose -4*w - w + 440 = 0. Suppose 3*y + 2*u = 8*y - w, -4*y + 5*u + 67 = 0. What is the highest common factor of 90 and y?
18
Let x be (-1 - (-7)/5) + 1016/635. Let q(f) = -6*f - 1. Let l be q(-1). What is the highest common divisor of x and l?
1
Suppose -5*g + 12 + 8 = 0. Suppose -3*q = 15, g*m - q - 188 = 3*q. Let v = m - 29. Calculate the highest common factor of 91 and v.
13
Let h be (-1)/4 - 741/12. Let t = h - -110. Let a be 1 - (1 - 0) - (-44 + 32). Calculate the highest common factor of t and a.
12
Let n be (-202)/(-18) - 18/81. Let a(x) = 121*x**3 - x**2 + 2*x - 1. Let k be a(1). Calculate the greatest common factor of k and n.
11
Let c = 14 + -4. Let q be (-24)/(-10) - (-2)/(-5). Suppose -q*t + 7*t = 75. Calculate the greatest common divisor of t and c.
5
Suppose -3*t = 6, 5*m + 2*t + 23 = 99. Let p be (-8)/1*-1*5. What is the highest common factor of m and p?
8
Suppose 4 = t + 1. Suppose -r + 2 = y, -t*r - y - 3*y = -6. Cal